ctor of 151763884?
False
Is 55951880 a multiple of 872?
True
Is 49 a factor of 13203768?
False
Does 6722 divide 384982384?
True
Does 222 divide 4011318?
True
Is 16367208 a multiple of 38?
True
Is 99916236 a multiple of 7?
True
Is 15 a factor of 16649494?
False
Does 6 divide 107371534?
False
Is 24941532 a multiple of 462?
True
Is 8 a factor of 14712428?
False
Is 47779250 a multiple of 250?
True
Does 240 divide 173129280?
True
Is 4 a factor of 2613744?
True
Does 6 divide 109705185?
False
Is 5329 a factor of 96268385?
True
Does 19 divide 18202?
True
Is 6 a factor of 83132211?
False
Is 1236 a factor of 194878884?
True
Does 80 divide 8189761?
False
Is 86 a factor of 161891993?
False
Is 12 a factor of 195564984?
True
Is 40544614 a multiple of 10?
False
Is 239 a factor of 14025237?
True
Does 90 divide 44441680?
False
Is 453 a factor of 3312498627?
True
Does 15 divide 106205034?
False
Does 3216 divide 331478555?
False
Does 3156 divide 346623480?
True
Is 14 a factor of 715799?
False
Does 14 divide 2569741?
False
Is 424 a factor of 297934325?
False
Is 311093557 a multiple of 905?
False
Does 203 divide 819973231?
True
Is 1288056 a multiple of 82?
True
Is 1022544050 a multiple of 34?
True
Does 1325 divide 56626525?
True
Is 134906328 a multiple of 18?
True
Does 16 divide 108703392?
True
Is 210 a factor of 62824860?
True
Does 1162 divide 5161000922?
True
Is 12356388 a multiple of 28?
False
Does 14 divide 9545962?
False
Is 109 a factor of 14325216?
True
Is 39 a factor of 5933133613?
False
Is 625688204 a multiple of 52?
False
Does 19 divide 548198285?
False
Is 33 a factor of 79063314?
True
Is 1311866 even?
True
Does 35 divide 30500449?
False
Is 31 a factor of 173694550?
True
Is 398865120 a multiple of 120?
True
Is 72 a factor of 11012320?
False
Does 36 divide 24504229?
False
Is 67513947 a multiple of 532?
False
Is 84658759 a multiple of 25?
False
Is 432580122 a multiple of 39?
True
Is 237 a factor of 61054960?
False
Is 334 a factor of 25321781?
False
Does 40 divide 24398280?
True
Is 124408518 a multiple of 39?
True
Does 14 divide 156761276?
True
Is 155566278 a multiple of 809?
False
Is 479 a factor of 506639737?
True
Is 28 a factor of 376653312?
True
Is 8676754 a multiple of 88?
False
Does 511 divide 985719?
True
Is 454886291 a multiple of 2674?
False
Is 482974951 a multiple of 6?
False
Is 3 a factor of 584062291?
False
Does 84 divide 1872385200?
True
Is 174 a factor of 1630554?
True
Does 7 divide 2074065?
True
Is 2930 a factor of 1493801900?
True
Is 2495 a factor of 25965465?
True
Is 66 a factor of 319922389?
False
Does 62 divide 1027702452?
True
Does 136 divide 213222840?
True
Is 2739 a factor of 196041862?
False
Does 12 divide 302322600?
True
Is 6605954320 a multiple of 16?
True
Is 99 a factor of 1283445221?
False
Is 4725158196 a multiple of 22?
True
Does 12 divide 51713868?
True
Does 21 divide 3061603818?
True
Does 17 divide 52049578?
False
Is 25297919 a multiple of 184?
False
Does 19 divide 48922825?
False
Is 7084 a factor of 1747821152?
True
Is 31 a factor of 613541782?
False
Is 210045536 a multiple of 26?
False
Does 1087 divide 64792809?
True
Is 1338141424 a multiple of 86?
True
Does 182 divide 359194897?
False
Is 30 a factor of 138795930?
True
Is 6514146 a multiple of 333?
True
Is 3165822 a multiple of 271?
True
Is 72191891 a multiple of 29?
False
Is 286 a factor of 161009149?
False
Does 373 divide 960994962?
True
Does 245 divide 12561885?
True
Is 2966 a factor of 61666106?
True
Is 117412602 a multiple of 2716?
False
Does 239 divide 46186985?
False
Is 84 a factor of 5449486?
False
Is 2288 a factor of 42625440?
True
Is 35940853 a multiple of 769?
False
Is 2802 a factor of 1274674735?
False
Does 1993 divide 200928281?
True
Is 88 a factor of 1770751136?
True
Is 451849510 a multiple of 1162?
True
Is 411576646 a multiple of 563?
True
Is 20 a factor of 1039629520?
True
Is 109482948 a multiple of 1643?
True
Is 266 a factor of 47227559?
False
Does 22 divide 30847652?
True
Does 87 divide 45878629?
False
Is 3594 a factor of 1269872078?
False
Does 669 divide 157178665?
False
Is 10727802 a multiple of 27?
True
Is 13 a factor of 4200949858?
False
Is 59442706 a multiple of 1679?
False
Does 5169 divide 2266770998?
False
Is 62786080 a multiple of 9?
False
Is 470 a factor of 11343450?
True
Is 1539 a factor of 34903477?
False
Does 6 divide 8498887?
False
Is 102 a factor of 84987318?
True
Is 42 a factor of 2699928?
True
Does 54 divide 22662774?
True
Does 49 divide 246199909?
False
Is 40354673 a multiple of 113?
True
Is 120257188 a multiple of 662?
False
Is 7688047 even?
False
Does 4763 divide 8068302902?
True
Does 3 divide 18235352?
False
Does 34 divide 17825469?
False
Is 26853442 a multiple of 41?
True
Does 39 divide 94752996?
True
Is 1804 a factor of 42487808?
True
Is 145961446 a multiple of 2?
True
Is 203323140 a multiple of 18?
True
Is 55 a factor of 4607570?
True
Is 1311638372 a multiple of 416?
False
Is 290975964 a multiple of 2227?
False
Is 203 a factor of 1952403410?
False
Is 34 a factor of 6440756?
True
Is 45522320 a multiple of 47?
True
Is 281 a factor of 250475499?
False
Is 127 a factor of 11810964?
False
Is 157 a factor of 3251886?
False
Is 1668 a factor of 309293502?
False
Does 1857 divide 45550353?
True
Is 1085 a factor of 3169228580?
True
Is 114 a factor of 628982118?
True
Is 2645083 a multiple of 2111?
True
Is 17475459 a multiple of 386?
False
Does 85 divide 552977785?
True
Does 9 divide 374097555?
True
Does 1374 divide 23929984?
False
Does 205 divide 53699319?
False
Is 185 a factor of 169801715?
False
Is 55957574 a multiple of 17?
True
Does 2014 divide 128492579?
False
Is 640 a factor of 1374974720?
True
Is 67848414 a multiple of 52?
False
Is 163602649 a multiple of 7?
True
Is 11 a factor of 109537835?
True
Does 402 divide 1394830493?
False
Is 790571392 a multiple of 13?
True
Is 490140672 a multiple of 672?
True
Does 39 divide 36413198?
False
Is 12 a factor of 71828368?
False
Is 44750680 a multiple of 1640?
True
Is 8 a factor of 351208280?
True
Does 2 divide 199677507?
False
Is 3449220865 a multiple of 766?
False
Is 40 a factor of 276922454?
False
Is 8740748 a multiple of 173?
False
Is 1248 a factor of 182258574?
False
Is 18 a factor of 518740646?
False
Is 3 a factor of 15876516?
True
Is 11 a factor of 1316769861?
True
Does 4627 divide 1185192169?
True
Does 288 divide 149055566?
False
Is 30 a factor of 2116230?
True
Is 45405378 a multiple of 15?
False
Is 95 a factor of 839282725?
True
Is 528 a factor of 159156624?
True
Is 1989 a factor of 225196518?
False
Is 193 a factor of 99820731?
False
Is 509438 even?
True
Is 156453193 a multiple of 2303?
False
Is 1521407596 a multiple of 817?
True
Is 80 a factor of 466662160?
True
Is 72 a factor of 57783058?
False
Is 26 a factor of 23369294?
True
Is 50499752 a multiple of 6?
False
Is 169 a factor of 2661348456?
True
Is 2111 a factor of 64505827?
True
Does 984 divide 113835669?
False
Does 49 divide 19999775?
False
Does 391 divide 11118867?
True
Is 118600356 a multiple of 12?
True
Does 4 divide 24570968?
True
Is 3 a factor of 55795020?
True
Does 31 divide 84973387?
True
Is 1193475180 a multiple of 5?
True
Is 41554446 a multiple of 995?
False
Is 79 a factor of 45673455?
True
Is 79 a factor of 27662333?
False
Is 1317800162 a multiple of 371?
True
Is 3315252399 a multiple of 11?
False
Is 78738887 a multiple of 3793?
True
Does 234 divide 334261733?
False
Does 184 divide 45219104?
True
Does 214 divide 605486423?
False
Does 6 divide 107589301?
False
Is 2766 a factor of 112102133?
False
Is 1164069 a multiple of 1424?
False
Does 38 divide 25023303?
False
Is 594 a factor of 198213048?
True
Is 2096285440 a multiple of 64?
True
Does 16 divide 28279664?
True
Does 786 divide 1076291786?
False
Is 222 a factor of 11599722?
True
Does 2 divide 53001338?
True
Is 65 a factor of 74525523?
False
Is 66143762 a multiple of 107?
True
Does 52 divide 82990200?
False
Does 42 divide 389046886?
False
Is 116583418 a multiple of 6?
False
Is 74 a factor of 1706542046?
True
Does 64 divide 6729512?
False
Is 5 a factor of 804856546?
False
Is 1108730021 a multiple of 8?
False
Is 21 a factor of 631695435?
True
Is 129116966 a multiple of 87?
False
Does 335 divide 20657991?
False
Is 143997884 a multiple of 38?
True
Does 57 divide 75160599?
True
Is 85